{"id":16,"date":"2025-03-16T18:26:49","date_gmt":"2025-03-16T17:26:49","guid":{"rendered":"http:\/\/www.kinecycle.fr\/?page_id=16"},"modified":"2025-03-30T09:30:49","modified_gmt":"2025-03-30T07:30:49","slug":"a-propos","status":"publish","type":"page","link":"https:\/\/www.kinecycle.fr\/?page_id=16","title":{"rendered":"\u00c0 propos"},"content":{"rendered":"\n<div class=\"wp-block-cover alignfull has-white-color has-text-color has-link-color wp-elements-f9e0f22848fe80d6f1adab54c0966d89\" style=\"min-height:706px;aspect-ratio:unset;\"><span aria-hidden=\"true\" class=\"wp-block-cover__background has-vivid-cyan-blue-background-color has-background-dim-100 has-background-dim\"><\/span><div class=\"wp-block-cover__inner-container is-layout-flow wp-block-cover-is-layout-flow\">\n<div class=\"wp-block-group\"><div class=\"wp-block-group__inner-container is-layout-flow wp-block-group-is-layout-flow\">\n<div style=\"height:16px\" aria-hidden=\"true\" class=\"wp-block-spacer\"><\/div>\n\n\n\n<div class=\"wp-block-columns are-vertically-aligned-center has-neve-text-color-color has-text-color is-layout-flex wp-container-core-columns-is-layout-9d6595d7 wp-block-columns-is-layout-flex\">\n<div class=\"wp-block-column is-vertically-aligned-center is-layout-flow wp-block-column-is-layout-flow\" style=\"padding-right:var(--wp--preset--spacing--30);padding-left:var(--wp--preset--spacing--30);flex-basis:50%\">\n<figure class=\"wp-block-image size-full has-custom-border\"><img loading=\"lazy\" decoding=\"async\" width=\"2127\" height=\"2012\" src=\"http:\/\/www.kinecycle.fr\/wp-content\/uploads\/2025\/03\/IMG_3654.jpg\" alt=\"\" class=\"wp-image-102\" style=\"border-radius:16px\" srcset=\"https:\/\/www.kinecycle.fr\/wp-content\/uploads\/2025\/03\/IMG_3654.jpg 2127w, https:\/\/www.kinecycle.fr\/wp-content\/uploads\/2025\/03\/IMG_3654-300x284.jpg 300w, https:\/\/www.kinecycle.fr\/wp-content\/uploads\/2025\/03\/IMG_3654-1024x969.jpg 1024w, https:\/\/www.kinecycle.fr\/wp-content\/uploads\/2025\/03\/IMG_3654-768x726.jpg 768w, https:\/\/www.kinecycle.fr\/wp-content\/uploads\/2025\/03\/IMG_3654-1536x1453.jpg 1536w, https:\/\/www.kinecycle.fr\/wp-content\/uploads\/2025\/03\/IMG_3654-2048x1937.jpg 2048w\" sizes=\"auto, (max-width: 2127px) 100vw, 2127px\" \/><\/figure>\n<\/div>\n\n\n\n<div class=\"wp-block-column is-vertically-aligned-center is-layout-flow wp-block-column-is-layout-flow\" style=\"padding-top:0;padding-right:var(--wp--preset--spacing--30);padding-bottom:0;padding-left:var(--wp--preset--spacing--30);flex-basis:50%\">\n<h2 class=\"wp-block-heading has-text-color\" style=\"color:#cee3f8fc\">Jos\u00e9 Juan INOTO<\/h2>\n\n\n\n<p class=\"has-contrast-color has-text-color\">Passionn\u00e9 de cyclisme et kin\u00e9sith\u00e9rapeute sp\u00e9cialis\u00e9, j\u2019aide les cyclistes \u00e0 optimiser leur posture, pr\u00e9venir les blessures et am\u00e9liorer leur r\u00e9cup\u00e9ration. Que vous soyez amateur ou comp\u00e9titeur, mon objectif est de vous offrir un accompagnement sur mesure pour rouler dans les meilleures conditions.<\/p>\n<\/div>\n<\/div>\n<\/div><\/div>\n<\/div><\/div>\n\n\n\n<div class=\"wp-block-cover alignfull is-light has-black-color has-text-color has-link-color wp-elements-07b46b1769244e388bbe0909fdba7435\" style=\"min-height:420px;aspect-ratio:unset;\"><span aria-hidden=\"true\" class=\"wp-block-cover__background has-white-background-color has-background-dim-100 has-background-dim\"><\/span><div class=\"wp-block-cover__inner-container is-layout-flow wp-block-cover-is-layout-flow\">\n<div style=\"height:80px\" aria-hidden=\"true\" class=\"wp-block-spacer\"><\/div>\n\n\n\n<div class=\"wp-block-columns has-contrast-color has-text-color has-link-color wp-elements-b983b7f4445c5b2c933da858ecf4c645 is-layout-flex wp-container-core-columns-is-layout-9d6595d7 wp-block-columns-is-layout-flex\">\n<div class=\"wp-block-column ticss-4ce656f1 is-layout-flow wp-block-column-is-layout-flow\" style=\"padding-right:var(--wp--preset--spacing--30);padding-left:var(--wp--preset--spacing--30)\"><div class=\"wp-block-image icon-style is-style-default\">\n<figure class=\"aligncenter size-full\"><img decoding=\"async\" src=\"http:\/\/www.kinecycle.fr\/wp-content\/themes\/neve\/assets\/img\/starter-content\/neve-marketing-icon-1.png\" alt=\"\"\/><\/figure>\n<\/div>\n\n\n<div style=\"height:24px\" aria-hidden=\"true\" class=\"wp-block-spacer\"><\/div>\n\n\n\n<h3 class=\"wp-block-heading has-text-align-center has-neve-text-color-color has-text-color\">Exp\u00e9rience<\/h3>\n\n\n\n<p class=\"has-text-align-center has-neve-text-color-color has-text-color has-small-font-size\">Kin\u00e9sith\u00e9rapeute du sport depuis 2004, j\u2019ai \u00e9t\u00e9 kin\u00e9sith\u00e9rapeute du ELCHE C.F. de 2003 \u00e0 2009 avant de me sp\u00e9cialiser dans les \u00e9tudes posturales appliqu\u00e9es au cyclisme en 2018. Depuis 2020, j\u2019interviens \u00e9galement en tant que kin\u00e9sith\u00e9rapeute vacataire pour l\u2019\u00e9quipe cycliste Groupama-FDJ. J\u2019accompagne des cyclistes de tous niveaux pour optimiser leur position sur le v\u00e9lo et am\u00e9liorer leur r\u00e9cup\u00e9ration.<\/p>\n\n\n\n<div style=\"height:20px\" aria-hidden=\"true\" class=\"wp-block-spacer\"><\/div>\n<\/div>\n\n\n\n<div class=\"wp-block-column ticss-a5b4df29 is-layout-flow wp-block-column-is-layout-flow\" style=\"padding-right:var(--wp--preset--spacing--30);padding-left:var(--wp--preset--spacing--30)\"><div class=\"wp-block-image icon-style is-style-default\">\n<figure class=\"aligncenter size-full\"><img decoding=\"async\" src=\"http:\/\/www.kinecycle.fr\/wp-content\/themes\/neve\/assets\/img\/starter-content\/neve-marketing-icon-3.1.png\" alt=\"\"\/><\/figure>\n<\/div>\n\n\n<div style=\"height:24px\" aria-hidden=\"true\" class=\"wp-block-spacer\"><\/div>\n\n\n\n<h3 class=\"wp-block-heading has-text-align-center has-neve-text-color-color has-text-color\">Formation<\/h3>\n\n\n\n<p class=\"has-text-align-center has-neve-text-color-color has-text-color has-small-font-size\">Kin\u00e9sith\u00e9rapeute depuis 2002 et sp\u00e9cialis\u00e9 en kin\u00e9sith\u00e9rapie du sport depuis 2004, j\u2019ai suivi plusieurs formations en lien avec la prise en charge des sportifs. En 2018, j\u2019ai approfondi mes connaissances en biom\u00e9canique du cyclisme aupr\u00e8s de la Real Federaci\u00f3n Espa\u00f1ola de Ciclismo.<\/p>\n\n\n\n<div style=\"height:20px\" aria-hidden=\"true\" class=\"wp-block-spacer\"><\/div>\n<\/div>\n<\/div>\n\n\n\n<div style=\"height:30px\" aria-hidden=\"true\" class=\"wp-block-spacer\"><\/div>\n<\/div><\/div>\n","protected":false},"excerpt":{"rendered":"","protected":false},"author":1,"featured_media":0,"parent":0,"menu_order":0,"comment_status":"closed","ping_status":"closed","template":"","meta":{"footnotes":""},"class_list":["post-16","page","type-page","status-publish"],"_links":{"self":[{"href":"https:\/\/www.kinecycle.fr\/index.php?rest_route=\/wp\/v2\/pages\/16","targetHints":{"allow":["GET"]}}],"collection":[{"href":"https:\/\/www.kinecycle.fr\/index.php?rest_route=\/wp\/v2\/pages"}],"about":[{"href":"https:\/\/www.kinecycle.fr\/index.php?rest_route=\/wp\/v2\/types\/page"}],"author":[{"embeddable":true,"href":"https:\/\/www.kinecycle.fr\/index.php?rest_route=\/wp\/v2\/users\/1"}],"replies":[{"embeddable":true,"href":"https:\/\/www.kinecycle.fr\/index.php?rest_route=%2Fwp%2Fv2%2Fcomments&post=16"}],"version-history":[{"count":8,"href":"https:\/\/www.kinecycle.fr\/index.php?rest_route=\/wp\/v2\/pages\/16\/revisions"}],"predecessor-version":[{"id":250,"href":"https:\/\/www.kinecycle.fr\/index.php?rest_route=\/wp\/v2\/pages\/16\/revisions\/250"}],"wp:attachment":[{"href":"https:\/\/www.kinecycle.fr\/index.php?rest_route=%2Fwp%2Fv2%2Fmedia&parent=16"}],"curies":[{"name":"wp","href":"https:\/\/api.w.org\/{rel}","templated":true}]}}

À propos

<div class="wp-block-cover alignfull has-white-color has-text-color has-link-color wp-elements-f9e0f22848fe80d6f1adab54c0966d89" style="min-height:706px;aspect-ratio:unset;"><span aria-hidden="true" class="wp-block-cover__background has-vivid-cyan-blue-background-color has-background-dim-100 has-background-dim"></span><div class="wp-block-cover__inner-container is-layout-flow wp-block-cover-is-layout-flow">
<div class="wp-block-group"><div class="wp-block-group__inner-container is-layout-flow wp-block-group-is-layout-flow">
<div style="height:16px" aria-hidden="true" class="wp-block-spacer"></div>



<div class="wp-block-columns are-vertically-aligned-center has-neve-text-color-color has-text-color is-layout-flex wp-container-core-columns-is-layout-9d6595d7 wp-block-columns-is-layout-flex">
<div class="wp-block-column is-vertically-aligned-center is-layout-flow wp-block-column-is-layout-flow" style="padding-right:var(--wp--preset--spacing--30);padding-left:var(--wp--preset--spacing--30);flex-basis:50%">
<figure class="wp-block-image size-full has-custom-border"><img loading="lazy" decoding="async" width="2127" height="2012" src="http://www.kinecycle.fr/wp-content/uploads/2025/03/IMG_3654.jpg" alt="" class="wp-image-102" style="border-radius:16px" srcset="https://www.kinecycle.fr/wp-content/uploads/2025/03/IMG_3654.jpg 2127w, https://www.kinecycle.fr/wp-content/uploads/2025/03/IMG_3654-300x284.jpg 300w, https://www.kinecycle.fr/wp-content/uploads/2025/03/IMG_3654-1024x969.jpg 1024w, https://www.kinecycle.fr/wp-content/uploads/2025/03/IMG_3654-768x726.jpg 768w, https://www.kinecycle.fr/wp-content/uploads/2025/03/IMG_3654-1536x1453.jpg 1536w, https://www.kinecycle.fr/wp-content/uploads/2025/03/IMG_3654-2048x1937.jpg 2048w" sizes="auto, (max-width: 2127px) 100vw, 2127px" /></figure>
</div>



<div class="wp-block-column is-vertically-aligned-center is-layout-flow wp-block-column-is-layout-flow" style="padding-top:0;padding-right:var(--wp--preset--spacing--30);padding-bottom:0;padding-left:var(--wp--preset--spacing--30);flex-basis:50%">
<h2 class="wp-block-heading has-text-color" style="color:#cee3f8fc">José Juan INOTO</h2>



<p class="has-contrast-color has-text-color">Passionné de cyclisme et kinésithérapeute spécialisé, j’aide les cyclistes à optimiser leur posture, prévenir les blessures et améliorer leur récupération. Que vous soyez amateur ou compétiteur, mon objectif est de vous offrir un accompagnement sur mesure pour rouler dans les meilleures conditions.</p>
</div>
</div>
</div></div>
</div></div>



<div class="wp-block-cover alignfull is-light has-black-color has-text-color has-link-color wp-elements-07b46b1769244e388bbe0909fdba7435" style="min-height:420px;aspect-ratio:unset;"><span aria-hidden="true" class="wp-block-cover__background has-white-background-color has-background-dim-100 has-background-dim"></span><div class="wp-block-cover__inner-container is-layout-flow wp-block-cover-is-layout-flow">
<div style="height:80px" aria-hidden="true" class="wp-block-spacer"></div>



<div class="wp-block-columns has-contrast-color has-text-color has-link-color wp-elements-b983b7f4445c5b2c933da858ecf4c645 is-layout-flex wp-container-core-columns-is-layout-9d6595d7 wp-block-columns-is-layout-flex">
<div class="wp-block-column ticss-4ce656f1 is-layout-flow wp-block-column-is-layout-flow" style="padding-right:var(--wp--preset--spacing--30);padding-left:var(--wp--preset--spacing--30)"><div class="wp-block-image icon-style is-style-default">
<figure class="aligncenter size-full"><img decoding="async" src="http://www.kinecycle.fr/wp-content/themes/neve/assets/img/starter-content/neve-marketing-icon-1.png" alt=""/></figure>
</div>


<div style="height:24px" aria-hidden="true" class="wp-block-spacer"></div>



<h3 class="wp-block-heading has-text-align-center has-neve-text-color-color has-text-color">Expérience</h3>



<p class="has-text-align-center has-neve-text-color-color has-text-color has-small-font-size">Kinésithérapeute du sport depuis 2004, j’ai été kinésithérapeute du ELCHE C.F. de 2003 à 2009 avant de me spécialiser dans les études posturales appliquées au cyclisme en 2018. Depuis 2020, j’interviens également en tant que kinésithérapeute vacataire pour l’équipe cycliste Groupama-FDJ. J’accompagne des cyclistes de tous niveaux pour optimiser leur position sur le vélo et améliorer leur récupération.</p>



<div style="height:20px" aria-hidden="true" class="wp-block-spacer"></div>
</div>



<div class="wp-block-column ticss-a5b4df29 is-layout-flow wp-block-column-is-layout-flow" style="padding-right:var(--wp--preset--spacing--30);padding-left:var(--wp--preset--spacing--30)"><div class="wp-block-image icon-style is-style-default">
<figure class="aligncenter size-full"><img decoding="async" src="http://www.kinecycle.fr/wp-content/themes/neve/assets/img/starter-content/neve-marketing-icon-3.1.png" alt=""/></figure>
</div>


<div style="height:24px" aria-hidden="true" class="wp-block-spacer"></div>



<h3 class="wp-block-heading has-text-align-center has-neve-text-color-color has-text-color">Formation</h3>



<p class="has-text-align-center has-neve-text-color-color has-text-color has-small-font-size">Kinésithérapeute depuis 2002 et spécialisé en kinésithérapie du sport depuis 2004, j’ai suivi plusieurs formations en lien avec la prise en charge des sportifs. En 2018, j’ai approfondi mes connaissances en biomécanique du cyclisme auprès de la Real Federación Española de Ciclismo.</p>



<div style="height:20px" aria-hidden="true" class="wp-block-spacer"></div>
</div>
</div>



<div style="height:30px" aria-hidden="true" class="wp-block-spacer"></div>
</div></div>
